3311212
Convert -3cb7f (base 16) to base 4.
-330231333
Convert -1113157 (base 8) to base 6.
-10235531
-537738 (base 9) to base 14
-84bc5
Convert 222221053 (base 6) to base 5.
2012441214
-20216050 (base 7) to base 3
-10011121122121
Convert 12220232232 (base 4) to base 5.
421132234
What is 1421322 (base 7) in base 8?
563351
e5b5 (base 15) to base 11
33522
What is -b9159 (base 16) in base 10?
-758105
What is -212841b (base 12) in base 14?
-b955d5
Convert -22b03 (base 13) to base 3.
-10012221100
Convert -1543636 (base 7) to base 2.
-110011111010011110
What is 2e850 (base 15) in base 11?
a2a85
What is dbe28 (base 16) in base 7?
10440540
Convert -221001002220 (base 4) to base 9.
-22207173
Convert -1505010 (base 9) to base 16.
-cab84
Convert -2112201202002 (base 3) to base 6.
-44555045
What is 250644 (base 7) in base 2?
1011001101111001
-2688451 (base 11) to base 13
-c64c37
-114944 (base 16) to base 14
-216bd2
What is -b6780 (base 16) in base 10?
-747392
Convert -175f99 (base 16) to base 14.
-2bc345
-10344055 (base 6) to base 2
-1001011100001100011
Convert -13d428 (base 15) to base 8.
-3513237
143361 (base 8) to base 4
30123301
What is -11233041 (base 5) in base 3?
-12012021211
Convert -105212434 (base 6) to base 2.
-111010111010001100110
What is 15031142 (base 6) in base 13?
151658
Convert -1032663 (base 7) to base 5.
-13012002
10001000000000011110111 (base 2) to base 16
4400f7
Convert -727777 (base 14) to base 4.
-32232330031
a462 (base 14) to base 13
cb69
Convert -1165477 (base 11) to base 6.
-111243225
What is 2d3317 (base 15) in base 3?
11010010221211
Convert -1e08 (base 15) to base 10.
-6533
What is -873815 (base 9) in base 14?
-d7d04
-1237573 (base 8) to base 7
-2631500
2332004 (base 5) to base 9
64574
What is 12313426 (base 7) in base 10?
1112908
-11111010000011111 (base 2) to base 11
-88212
Convert 2243424 (base 7) to base 5.
32423014
What is -1112332 (base 6) in base 4?
-31233200
Convert 5bb22 (base 14) to base 13.
7b215
-110000011000110111 (base 2) to base 13
-6c2a1
What is 9a485 (base 11) in base 2?
100011100011111000
What is 2320231021 (base 4) in base 7?
6300460
What is -3340140 (base 7) in base 5?
-101204144
11313140 (base 5) to base 15
20cea
1100112313 (base 4) to base 2
1010000010110110111
What is 14561235 (base 10) in base 7?
234524403
What is 311855 (base 9) in base 3?
100101221212
-1161422 (base 7) to base 10
-149417
b29b (base 16) to base 14
1293d
-3021213112 (base 4) to base 7
-10006423
Convert 13302210 (base 5) to base 15.
29d8a
1233012002 (base 4) to base 11
290975
213311232 (base 4) to base 12
7a526
What is 102221100121 (base 3) in base 6?
5011541
34b80 (base 14) to base 13
46640
1015823 (base 11) to base 13
4aa666
950187 (base 10) to base 7
11035140
-6782b0 (base 12) to base 2
-110010011011010100100
Convert 98630 (base 11) to base 9.
237354
Convert 88384 (base 10) to base 7.
515452
Convert -101110000001001101000 (base 2) to base 6.
-52153120
-110000001011010101000 (base 2) to base 4
-12001122220
-15243a (base 11) to base 4
-321332011
What is 340d8 (base 16) in base 8?
640330
What is 100002221 (base 4) in base 3?
10100010112
What is 18d4b9 (base 15) in base 14?
236a04
What is 3131540 (base 7) in base 4?
1130023211
29128 (base 10) to base 8
70710
Convert 168374 (base 9) to base 5.
11321212
4421045 (base 6) to base 4
311312111
122100222221 (base 3) to base 9
570887
Convert 32123230312 (base 4) to base 14.
706b66
Convert -135272 (base 13) to base 9.
-783455
What is 13120313302 (base 4) in base 2?
111011000110111110010
What is c77a7c (base 16) in base 6?
1144111124
Convert -35673 (base 10) to base 13.
-13311
Convert 4798147 (base 10) to base 2.
10010010011011011000011
What is -4114202213 (base 5) in base 9?
-16636420
Convert -101111011111101010 (base 2) to base 4.
-233133222
Convert -699896 (base 12) to base 9.
-3165056
Convert -1240014120 (base 5) to base 2.
-1011101000001001100011
11010010011011 (base 2) to base 13
618c
Convert 4660129 (base 12) to base 10.
13561521
-10010100000110111011 (base 2) to base 5
-123403101
Convert -6147780 (base 10) to base 2.
-10111011100111011000100
Convert -827b3 (base 12) to base 10.
-170487
Convert -411313434 (base 5) to base 13.
-464851
4dfb8 (base 16) to base 6
10502440
47646374 (base 8) to base 5
10133034212
Convert -6765a (base 12) to base 15.
-2aad1
Convert -1450351 (base 6) to base 12.
-409b7
Convert -103420031 (base 5) to base 15.
-8da96
4101203213 (base 5) to base 11
4708987
Convert 363305 (base 8) to base 3.
20022221022
Convert -546331 (base 8) to base 2.
-101100110011011001
What is -251384 (base 9) in base 15?
-30051
-342030 (base 6) to base 9
-43650
Convert -2145219 (base 10) to base 9.
-4028616
What is -17e25 (base 16) in base 12?
-48745
What is 3110101100 (base 4) in base 12?
35b1a8
What is 58203 (base 12) in base 15?
24d80
-7249887 (base 10) to base 11
-4101a47
What is -1a9de4 (base 16) in base 15?
-246ca6
-40bbc6 (base 13) to base 14
-2b4b04
What is -10112023110 (base 4) in base 7?
-12453621
-249c4 (base 13) to base 15
-15061
Convert 102303031 (base 7) to base 13.
133b616
Convert -504b (base 15) to base 10.
-16946
What is 2444430334 (base 5) in base 10?
5858219
Convert 81516 (base 9) to base 12.
27059
Convert -547332 (base 8) to base 16.
-2ceda
What is 504413 (base 6) in base 14?
1077b
-246a598 (base 14) to base 10
-17469418
Convert -374252 (base 9) to base 13.
-7bc5c
Convert -1b34733 (base 13) to base 15.
-bcd9d8
1366465 (base 7) to base 15
39b37
-169018 (base 11) to base 14
-6b115
Convert -1c41ff (base 16) to base 4.
-13010013333
What is 445228 (base 9) in base 13?
94277
Convert 1011122021110 (base 3) to base 12.
260493
What is -35610614 (base 7) in base 16?
-304136
What is -21342433 (base 5) in base 10?
-184118
-303e17 (base 15) to base 4
-20233123132
What is -3145371 (base 8) in base 11?
-522996
Convert 3d584 (base 15) to base 2.
110000000110000111
What is 50388 (base 10) in base 6?
1025140
Convert 4022014 (base 5) to base 6.
1212201
What is d64d (base 14) in base 7?
212426
What is 111111100111000101 (base 2) in base 5?
31314144
What is -114121112 (base 5) in base 6?
-15252250
Convert -30b258 (base 13) to base 11.
-708381
9e225 (base 16) to base 8
2361045
Convert 111b20 (base 12) to base 6.
5503240
387a532 (base 11) to base 13
151366a
What is -251010 (base 8) in base 12?
-420b4
Convert 11011010011111101000 (base 2) to base 13.
254476
What is 55748 (base 14) in base 8?
624604
What is 12411123 (base 5) in base 11?
84182
What is 17667681 (base 9) in base 11?
5030541
-2020b (base 15) to base 13
-373ac
11344233 (base 5) to base 6
2135345
Convert -107016342 (base 8) to base 9.
-38028274
22a562 (base 14) to base 2
100100000010100111010
What is 2342114142 (base 5) in base 7?
64056513
-175821 (base 14) to base 10
-822053
1582665 (base 11) to base 3
12002001010211
5748011 (base 11) to base 2
100110010110101011110010
420005020 (base 6) to base 11
4122162
Convert -10322311303 (base 4) to base 2.
-100111010110101110011
Convert -12413321 (base 5) to base 11.
-84423
What is 202221012120 (base 3) in base 4?
1210212003
-2038732 (base 9) to base 4
-10021313201
What is 2350145 (base 10) in base 7?
25655510
Convert -2a724 (base 14) to base 8.
-316314
What is 131203133 (base 4) in base 3?
20011001112
What is -11112102101011 (base 3) in base 13?
-664a14
What is 11882d (base 15) in base 5?
203320333
What is d22ade (base 15) in base 8?
46050576
Convert 43121351 (base 6) to base 15.
1a165a
-1021013020 (base 4) to base 5
-34040324
Convert 730837 (base 10) to base 14.
1504a9
What is 14665653 (base 8) in base 9?
6305562
What is -c89cb (base 13) in base 7?
-3035245
-2198969 (base 10) to base 15
-2d682e
-1a63512 (base 11) to base 6
-202245440
-100110110110000101100 (base 2) to base 14
-251c3a
106576 (base 8) to base 11
2523a
What is -812a9 (base 12) in base 2?
-101001000001100001
121152055 (base 6) to base 16
231bc3
1632533 (base 7) to base 4
313111121
Convert -53a62 (base 14) to base 8.
-613166
What is -a12b28 (base 14) in base 5?
-2342034321
What is 47df (base 16) in base 13?
84b4
-571192 (base 10) to base 15
-b4397
Convert 1022021211012 (base 3) to base 8.
2514517
Convert 401306 (base 8) to base 12.
6431a
What is -213601 (base 9) in base 3?
-20110200001
Convert -1a43932 (base 11) to base 12.
-11a20